{"id":580,"date":"2022-06-25T16:48:08","date_gmt":"2022-06-25T15:48:08","guid":{"rendered":"https:\/\/www.oneart.lu\/?post_type=artists&#038;p=580"},"modified":"2026-02-11T15:34:26","modified_gmt":"2026-02-11T14:34:26","slug":"daniel-latour","status":"publish","type":"artists","link":"https:\/\/www.oneart.lu\/fr\/artist\/daniel-latour","title":{"rendered":"DANIEL LATOUR"},"content":{"rendered":"<p>Size: <strong>1m77<\/strong><br \/>\nHair Color: <strong>hazel \/ ch\u00e2tain<\/strong><br \/>\nEyes: <strong>brown \/ brun<\/strong><\/p>\n<p><strong><em>Languages:\u00a0<\/em><\/strong><strong><br \/>\n<\/strong>French:<strong>Fluent<br \/>\n<\/strong>English:<strong> intermediate<\/strong><\/p>\n<p><strong><em>Nationality<\/em>:<\/strong><br \/>\n<b>Belgium<br \/>\n<\/b><strong>Country and Zone:<\/strong><br \/>\n<strong>Belgium \/ Arlon (available worldwide)<\/strong><b><br \/>\n<\/b><\/p>\n<p>Sports: <strong>Boxe anglaise : niveau \u00e9lev\u00e9<br \/>\nFootball &#8211; Arts Martiaux &#8211; Sports De Combat<\/strong><br \/>\n<strong>Ancien second de cuisine dans un restaurant gastronomique<\/strong><\/p>\n<p><em><strong>Series \/ S\u00e9ries:<\/strong><\/em><br \/>\n2022 &#8211; <strong>De Gr\u00e2ce &#8211; ARTE \/ Vincent Ma\u00ebl Cardona<\/strong><br \/>\n2022 &#8211; <strong>Attraction &#8211; s\u00e9rie TF1 et RTBF \/ Barbara Abel<\/strong><\/p>\n<p><em><strong>Feature Films \/ Long m\u00e9trages:<br \/>\n<\/strong><\/em>2019 &#8211; <strong>Double identit\u00e9 \/ Giancarlo Erbi<\/strong><\/p>\n<p><em><strong>Short Films \/ Court m\u00e9trages:<\/strong><\/em><br \/>\n2026 &#8211;<strong> Fragment\u00a0<\/strong><br \/>\n2023 &#8211; <strong>TF14<\/strong><br \/>\n2019 &#8211; <strong>Projecteur \/ Dany Verdin Pol<\/strong><\/p>\n<p><em><strong>Pub \/ Commercial \/ Film institutionnel:\u00a0<\/strong><\/em><br \/>\n2022 &#8211; <strong>Calgon &#8211; pub Europe<br \/>\n<\/strong>2021 &#8211; <strong>Amazon Prime<\/strong><br \/>\n2021 &#8211;\u00a0<strong>SPF &#8211; campagne de sensibilisation<br \/>\n<\/strong>2021 &#8211; <strong>Guy Hoquet Immobilier<\/strong><\/p>\n<p><strong><em>Video Clip \/ Clip :<br \/>\n<\/em><\/strong>2021 &#8211; \u00a0<strong>Odjac \u00ab\u00a0sors de ma t\u00eate\u00a0\u00bb<\/strong><\/p>\n<p><strong>Theater \/ Th\u00e9\u00e2tre:<\/strong><br \/>\n2025 &#8211; <strong>Jean 3 de Sacha Guitry &#8211; R\u00f4le de Paul Mondoucet &#8211; maison de la culture Arlon<\/strong><\/p>\n<p><em><strong>Education and workshops \/ Formations et Stages:<br \/>\n<\/strong><\/em><strong>Conservatoire d&rsquo;art dramatique Luxembourg<br \/>\nWorkshop Casting \/ Guillaume Moulin<br \/>\nm\u00e9daille d&rsquo;or au concours d&rsquo;acteur \u00e0 Hollywood, USA<\/strong><\/p>\n<p>2024 &#8211; <strong>Troph\u00e9 Royal FNCD &#8211; r\u00f4le Paul Mondoucet dans Jean 3 de Sacha Guitry\u00a0<\/strong><br \/>\n2023 &#8211; <strong>Troupe de Th\u00e9\u00e2tre (troupe 2) au th\u00e9\u00e2tre royale des Forges<\/strong><br \/>\n2019 &#8211; 2022 &#8211;<em><strong> Manufacture th\u00e9\u00e2trale d&rsquo;Arlon<br \/>\n<\/strong><\/em>2021 &#8211; <em><strong>Cours d\u2019acting avec Pico Berkowitch, apprentissage m\u00e9thode de Meisner<br \/>\n<\/strong><\/em>2020 &#8211; <em><strong>Atelier d\u2019acting \u00e0 Bruxelles chez la r\u00e9alisatrice Beatriz Flores Silva<br \/>\n<\/strong><\/em>2019 &#8211; <strong>C<\/strong><em><strong>ours FLORENT \u00e0 Paris<br \/>\n<\/strong><\/em>2019 &#8211; <em><strong>Stage de com\u00e9dien face cam\u00e9ra \u00e0 l&rsquo;AKDT<br \/>\navec le r\u00e9alisateur Belge St\u00e9phan Carpiaux<br \/>\n<\/strong><\/em>2018-2019<em><strong> &#8211; Cours d&rsquo;improvisation \u00e0 l&rsquo;\u00e9cole de th\u00e9\u00e2tre luxembourgeoise<\/strong><\/em><\/p>\n","protected":false},"featured_media":11517,"template":"","categorie":[32],"eye_color":[3],"language":[24,25],"age":[19],"size":[29],"hair_color":[37],"body_type":[64],"nationality":[65],"categorie_type":[59],"voices":[],"class_list":["post-580","artists","type-artists","status-publish","has-post-thumbnail","hentry","categorie-actors","eye_color-eyes_brown","language-french","language-english","age-age_2","size-size_3","hair_color-hair_brown","body_type-corpulence-normale","nationality-belge","categorie_type-male"],"acf":[],"_links":{"self":[{"href":"https:\/\/www.oneart.lu\/fr\/wp-json\/wp\/v2\/artists\/580","targetHints":{"allow":["GET"]}}],"collection":[{"href":"https:\/\/www.oneart.lu\/fr\/wp-json\/wp\/v2\/artists"}],"about":[{"href":"https:\/\/www.oneart.lu\/fr\/wp-json\/wp\/v2\/types\/artists"}],"wp:featuredmedia":[{"embeddable":true,"href":"https:\/\/www.oneart.lu\/fr\/wp-json\/wp\/v2\/media\/11517"}],"wp:attachment":[{"href":"https:\/\/www.oneart.lu\/fr\/wp-json\/wp\/v2\/media?parent=580"}],"wp:term":[{"taxonomy":"categorie","embeddable":true,"href":"https:\/\/www.oneart.lu\/fr\/wp-json\/wp\/v2\/categorie?post=580"},{"taxonomy":"eye_color","embeddable":true,"href":"https:\/\/www.oneart.lu\/fr\/wp-json\/wp\/v2\/eye_color?post=580"},{"taxonomy":"language","embeddable":true,"href":"https:\/\/www.oneart.lu\/fr\/wp-json\/wp\/v2\/language?post=580"},{"taxonomy":"age","embeddable":true,"href":"https:\/\/www.oneart.lu\/fr\/wp-json\/wp\/v2\/age?post=580"},{"taxonomy":"size","embeddable":true,"href":"https:\/\/www.oneart.lu\/fr\/wp-json\/wp\/v2\/size?post=580"},{"taxonomy":"hair_color","embeddable":true,"href":"https:\/\/www.oneart.lu\/fr\/wp-json\/wp\/v2\/hair_color?post=580"},{"taxonomy":"body_type","embeddable":true,"href":"https:\/\/www.oneart.lu\/fr\/wp-json\/wp\/v2\/body_type?post=580"},{"taxonomy":"nationality","embeddable":true,"href":"https:\/\/www.oneart.lu\/fr\/wp-json\/wp\/v2\/nationality?post=580"},{"taxonomy":"categorie_type","embeddable":true,"href":"https:\/\/www.oneart.lu\/fr\/wp-json\/wp\/v2\/categorie_type?post=580"},{"taxonomy":"voices","embeddable":true,"href":"https:\/\/www.oneart.lu\/fr\/wp-json\/wp\/v2\/voices?post=580"}],"curies":[{"name":"wp","href":"https:\/\/api.w.org\/{rel}","templated":true}]}}

<p>Size: <strong>1m77</strong><br />
Hair Color: <strong>hazel / châtain</strong><br />
Eyes: <strong>brown / brun</strong></p>
<p><strong><em>Languages: </em></strong><strong><br />
</strong>French:<strong>Fluent<br />
</strong>English:<strong> intermediate</strong></p>
<p><strong><em>Nationality</em>:</strong><br />
<b>Belgium<br />
</b><strong>Country and Zone:</strong><br />
<strong>Belgium / Arlon (available worldwide)</strong><b><br />
</b></p>
<p>Sports: <strong>Boxe anglaise : niveau élevé<br />
Football &#8211; Arts Martiaux &#8211; Sports De Combat</strong><br />
<strong>Ancien second de cuisine dans un restaurant gastronomique</strong></p>
<p><em><strong>Series / Séries:</strong></em><br />
2022 &#8211; <strong>De Grâce &#8211; ARTE / Vincent Maël Cardona</strong><br />
2022 &#8211; <strong>Attraction &#8211; série TF1 et RTBF / Barbara Abel</strong></p>
<p><em><strong>Feature Films / Long métrages:<br />
</strong></em>2019 &#8211; <strong>Double identité / Giancarlo Erbi</strong></p>
<p><em><strong>Short Films / Court métrages:</strong></em><br />
2026 &#8211;<strong> Fragment </strong><br />
2023 &#8211; <strong>TF14</strong><br />
2019 &#8211; <strong>Projecteur / Dany Verdin Pol</strong></p>
<p><em><strong>Pub / Commercial / Film institutionnel: </strong></em><br />
2022 &#8211; <strong>Calgon &#8211; pub Europe<br />
</strong>2021 &#8211; <strong>Amazon Prime</strong><br />
2021 &#8211; <strong>SPF &#8211; campagne de sensibilisation<br />
</strong>2021 &#8211; <strong>Guy Hoquet Immobilier</strong></p>
<p><strong><em>Video Clip / Clip :<br />
</em></strong>2021 &#8211;  <strong>Odjac « sors de ma tête »</strong></p>
<p><strong>Theater / Théâtre:</strong><br />
2025 &#8211; <strong>Jean 3 de Sacha Guitry &#8211; Rôle de Paul Mondoucet &#8211; maison de la culture Arlon</strong></p>
<p><em><strong>Education and workshops / Formations et Stages:<br />
</strong></em><strong>Conservatoire d&rsquo;art dramatique Luxembourg<br />
Workshop Casting / Guillaume Moulin<br />
médaille d&rsquo;or au concours d&rsquo;acteur à Hollywood, USA</strong></p>
<p>2024 &#8211; <strong>Trophé Royal FNCD &#8211; rôle Paul Mondoucet dans Jean 3 de Sacha Guitry </strong><br />
2023 &#8211; <strong>Troupe de Théâtre (troupe 2) au théâtre royale des Forges</strong><br />
2019 &#8211; 2022 &#8211;<em><strong> Manufacture théâtrale d&rsquo;Arlon<br />
</strong></em>2021 &#8211; <em><strong>Cours d’acting avec Pico Berkowitch, apprentissage méthode de Meisner<br />
</strong></em>2020 &#8211; <em><strong>Atelier d’acting à Bruxelles chez la réalisatrice Beatriz Flores Silva<br />
</strong></em>2019 &#8211; <strong>C</strong><em><strong>ours FLORENT à Paris<br />
</strong></em>2019 &#8211; <em><strong>Stage de comédien face caméra à l&rsquo;AKDT<br />
avec le réalisateur Belge Stéphan Carpiaux<br />
</strong></em>2018-2019<em><strong> &#8211; Cours d&rsquo;improvisation à l&rsquo;école de théâtre luxembourgeoise</strong></em></p>
