{"id":15963,"date":"2026-04-26T08:44:16","date_gmt":"2026-04-26T07:44:16","guid":{"rendered":"https:\/\/www.oneart.lu\/?post_type=artists&#038;p=15963"},"modified":"2026-04-26T08:54:02","modified_gmt":"2026-04-26T07:54:02","slug":"claire-merigoux","status":"publish","type":"artists","link":"https:\/\/www.oneart.lu\/fr\/artist\/claire-merigoux","title":{"rendered":"CLAIRE MERIGOUX"},"content":{"rendered":"<p>Size: <strong>1m70<\/strong><br \/>\nHair Color:<strong> Hazel \/ brun<\/strong><br \/>\nEyes:<strong> Green \/ vert<\/strong><\/p>\n<p><strong>Languages:<\/strong><strong><br \/>\nFrench: native<br \/>\nSpanish: fluent<br \/>\nEnglish: advanced<br \/>\nGerman: intermediate<br \/>\nLuxembourgish: beginner<br \/>\n<\/strong><\/p>\n<p><strong>Singer (classic, acapella, pop, baroque, m\u00e9dievale, &#8230;)<br \/>\nop\u00e9ra plyphonique, soliste &amp; cheffe de choeur<br \/>\npolyphonie, chants de femmes en M\u00e9diterran\u00e9e<br \/>\nMusique ancienne, traditionnel, monde<br \/>\nInstrument: Fl\u00fbte<br \/>\nDanse: contemporaine, latine, danse indienne<br \/>\nAnimation<br \/>\n<\/strong><strong>Permis: B<\/strong><\/p>\n<p><strong>Nationality:<\/strong><br \/>\n<b>French<\/b><\/p>\n<p><strong>Country and Zone:<\/strong><br \/>\n<strong>Luxembourg and France (available worldwide)<\/strong><\/p>\n<p><strong>Short Films \/ Court m\u00e9trages:<\/strong><br \/>\n<strong>\u00ab\u00a0Maladire\u00a0\u00bb<\/strong><\/p>\n<p>&nbsp;<\/p>\n<p><strong><em>Stage \/ Th\u00e9\u00e2tre:<br \/>\n\u00ab\u00a0Le masque du silence\u00a0\u00bb &#8211; com\u00e9dienne et mise en sc\u00e8ne<\/em><\/strong><\/p>\n<p>&nbsp;<\/p>\n<p><strong>Voices \/ voix:<\/strong><strong><br \/>\nchanteuse: concerts, festivals et tourn\u00e9es internationales<\/p>\n<p><\/strong><\/p>\n<p><strong><em>Education and Workshops \/ Formations et Stages:<br \/>\n\u00ab\u00a0Cin\u00e9ma Acting\u00a0\u00bb &#8211; Jack Waltzer &#8211; Actors Studio &#8211; LA<br \/>\n2013 &#8211; auj &#8211; Compagnie ODO ENSEMBLE World Music for Soul &amp; Peace<br \/>\nMusique du monde (www.odoensemble.com)<br \/>\n2023 &#8211; 2024 &#8211; LE CHANT DE LA NAISSANCE<br \/>\nFormation &amp; accompagnement expert pour les futures mamans<br \/>\n2016 &#8211; 2022 &#8211; Abbaye de Cluny &#8211; Centre des Monuments Nationaux<br \/>\n2010 &#8211; Art &#8211; th\u00e9rapie &#8211; Institut Psychologie appliqu\u00e9e PROFAC, Arles<\/em><\/strong><\/p>\n<p><strong>Book: \u00ab\u00a0M\u00e9moires d&rsquo;\u00c9migr\u00e9s\u00a0\u00bb, ed. CFB 2005<\/strong><\/p>\n<p>&nbsp;<\/p>","protected":false},"featured_media":15964,"template":"","categorie":[32,45],"eye_color":[5],"language":[24,25,44],"age":[18],"size":[30,29],"hair_color":[37],"body_type":[64],"nationality":[58],"categorie_type":[],"voices":[69,70,72],"class_list":["post-15963","artists","type-artists","status-publish","has-post-thumbnail","hentry","categorie-actors","categorie-voix","eye_color-eyes_green","language-french","language-english","language-spanish","age-age_3","size-size_2","size-size_3","hair_color-hair_brown","body_type-corpulence-normale","nationality-french","voices-espagnol","voices-english","voices-french"],"acf":[],"_links":{"self":[{"href":"https:\/\/www.oneart.lu\/fr\/wp-json\/wp\/v2\/artists\/15963","targetHints":{"allow":["GET"]}}],"collection":[{"href":"https:\/\/www.oneart.lu\/fr\/wp-json\/wp\/v2\/artists"}],"about":[{"href":"https:\/\/www.oneart.lu\/fr\/wp-json\/wp\/v2\/types\/artists"}],"wp:featuredmedia":[{"embeddable":true,"href":"https:\/\/www.oneart.lu\/fr\/wp-json\/wp\/v2\/media\/15964"}],"wp:attachment":[{"href":"https:\/\/www.oneart.lu\/fr\/wp-json\/wp\/v2\/media?parent=15963"}],"wp:term":[{"taxonomy":"categorie","embeddable":true,"href":"https:\/\/www.oneart.lu\/fr\/wp-json\/wp\/v2\/categorie?post=15963"},{"taxonomy":"eye_color","embeddable":true,"href":"https:\/\/www.oneart.lu\/fr\/wp-json\/wp\/v2\/eye_color?post=15963"},{"taxonomy":"language","embeddable":true,"href":"https:\/\/www.oneart.lu\/fr\/wp-json\/wp\/v2\/language?post=15963"},{"taxonomy":"age","embeddable":true,"href":"https:\/\/www.oneart.lu\/fr\/wp-json\/wp\/v2\/age?post=15963"},{"taxonomy":"size","embeddable":true,"href":"https:\/\/www.oneart.lu\/fr\/wp-json\/wp\/v2\/size?post=15963"},{"taxonomy":"hair_color","embeddable":true,"href":"https:\/\/www.oneart.lu\/fr\/wp-json\/wp\/v2\/hair_color?post=15963"},{"taxonomy":"body_type","embeddable":true,"href":"https:\/\/www.oneart.lu\/fr\/wp-json\/wp\/v2\/body_type?post=15963"},{"taxonomy":"nationality","embeddable":true,"href":"https:\/\/www.oneart.lu\/fr\/wp-json\/wp\/v2\/nationality?post=15963"},{"taxonomy":"categorie_type","embeddable":true,"href":"https:\/\/www.oneart.lu\/fr\/wp-json\/wp\/v2\/categorie_type?post=15963"},{"taxonomy":"voices","embeddable":true,"href":"https:\/\/www.oneart.lu\/fr\/wp-json\/wp\/v2\/voices?post=15963"}],"curies":[{"name":"wp","href":"https:\/\/api.w.org\/{rel}","templated":true}]}}

<p>Size: <strong>1m70</strong><br />
Hair Color:<strong> Hazel / brun</strong><br />
Eyes:<strong> Green / vert</strong></p>
<p><strong>Languages:</strong><strong><br />
French: native<br />
Spanish: fluent<br />
English: advanced<br />
German: intermediate<br />
Luxembourgish: beginner<br />
</strong></p>
<p><strong>Singer (classic, acapella, pop, baroque, médievale, &#8230;)<br />
opéra plyphonique, soliste &amp; cheffe de choeur<br />
polyphonie, chants de femmes en Méditerranée<br />
Musique ancienne, traditionnel, monde<br />
Instrument: Flûte<br />
Danse: contemporaine, latine, danse indienne<br />
Animation<br />
</strong><strong>Permis: B</strong></p>
<p><strong>Nationality:</strong><br />
<b>French</b></p>
<p><strong>Country and Zone:</strong><br />
<strong>Luxembourg and France (available worldwide)</strong></p>
<p><strong>Short Films / Court métrages:</strong><br />
<strong>« Maladire »</strong></p>
<p>&nbsp;</p>
<p><strong><em>Stage / Théâtre:<br />
« Le masque du silence » &#8211; comédienne et mise en scène</em></strong></p>
<p>&nbsp;</p>
<p><strong>Voices / voix:</strong><strong><br />
chanteuse: concerts, festivals et tournées internationales</p>
<p></strong></p>
<p><strong><em>Education and Workshops / Formations et Stages:<br />
« Cinéma Acting » &#8211; Jack Waltzer &#8211; Actors Studio &#8211; LA<br />
2013 &#8211; auj &#8211; Compagnie ODO ENSEMBLE World Music for Soul &amp; Peace<br />
Musique du monde (www.odoensemble.com)<br />
2023 &#8211; 2024 &#8211; LE CHANT DE LA NAISSANCE<br />
Formation &amp; accompagnement expert pour les futures mamans<br />
2016 &#8211; 2022 &#8211; Abbaye de Cluny &#8211; Centre des Monuments Nationaux<br />
2010 &#8211; Art &#8211; thérapie &#8211; Institut Psychologie appliquée PROFAC, Arles</em></strong></p>
<p><strong>Book: « Mémoires d&rsquo;Émigrés », ed. CFB 2005</strong></p>
<p>&nbsp;</p>
