{"id":2589,"date":"2023-02-17T18:35:49","date_gmt":"2023-02-17T17:35:49","guid":{"rendered":"https:\/\/www.oneart.lu\/?post_type=artists&#038;p=2589"},"modified":"2026-02-05T18:52:19","modified_gmt":"2026-02-05T17:52:19","slug":"edouard-montoute","status":"publish","type":"artists","link":"https:\/\/www.oneart.lu\/en\/artist\/edouard-montoute","title":{"rendered":"EDOUARD MONTOUTE"},"content":{"rendered":"<p>Size: <strong>1m74<\/strong><br \/>\nHair Color: <strong>salt and pepper \/ poivre et sel<\/strong><br \/>\nEyes:<strong> brown \/ marron<\/strong><\/p>\n<p><strong>Languages:<\/strong><strong><br \/>\nFrench: Native<\/strong><strong><br \/>\n<\/strong><\/p>\n<p>Nationality:<br \/>\n<strong>French<\/strong><\/p>\n<p>Country and Zone:<br \/>\n<strong>LUXEMBOURG and FRANCE \/ PARIS (available worldwide)<\/strong><\/p>\n<p><strong>Director \/ Acting Coach<\/strong><br \/>\n<strong>CHANT<br \/>\nDANSE<br \/>\nPERMIS B ET PERMIS MOTO<\/strong><\/p>\n<p><strong>Feature Films \/ Long m\u00e9trages:<br \/>\n<\/strong>2019 &#8211;<strong>\u00a0 DEFLAGRATIONS &#8211; Vanya Peirani-Vignes<br \/>\n<\/strong>2018 &#8211;\u00a0<strong> TAXI 5 &#8211; Franck Gastambide<br \/>\n<\/strong>2017 &#8211;\u00a0<strong> LA DEUXIEME \u00c9TOILE &#8211; Lucien Jean -Baptiste<br \/>\n<\/strong>2017 &#8211;\u00a0<strong> STARS 80, LA SUITE &#8211; Thomas Langmann<br \/>\n<\/strong>2016 &#8211;\u00a0<strong> DIEU MERCI ! &#8211; Lucien Jean-Baptiste<br \/>\n<\/strong>2015 &#8211;\u00a0<strong> NIGHT FARE &#8211; Julien Seri<br \/>\n<\/strong>2011 &#8211;\u00a0<strong> 30\u00b0 COULEUR &#8211; Lucien JEAN-BAPTISTE et Philippe LARUE<br \/>\n<\/strong>2010 &#8211;\u00a0<strong> LES PETITS MOUCHOIRS &#8211; Guillaume CANET<br \/>\n<\/strong>2009 &#8211;\u00a0<strong> LA PREMIERE ETOILE &#8211; Lucien JEAN BAPTISTE<br \/>\n<\/strong>2006 &#8211;\u00a0<strong> TAXI 4 &#8211; G\u00e9rard KRAWCZYK<br \/>\n<\/strong>2005 &#8211;\u00a0<strong> ENFERMES DEHORS &#8211; Albert DUPONTEL<br \/>\n<\/strong>2005 &#8211;\u00a0<strong> FRACASSES &#8211; Franck LLOPIS<br \/>\n<\/strong>2004 &#8211;\u00a0<strong> AVANT QU&#8221;IL NE SOIT TROP TARD &#8211; Laurent DUSSAUX<br \/>\n<\/strong>2004 &#8211;\u00a0<strong> DANS TES REVES &#8211; Denys THIBAUT<br \/>\n<\/strong>2003 &#8211;\u00a0<strong> NOS AMIS LES FLICS &#8211; Bob SWAIM<br \/>\n<\/strong>2002 &#8211;\u00a0<strong> DEDALES &#8211; Ren\u00e9 MANZOR<br \/>\n<\/strong>2002 &#8211;\u00a0<strong> LA SIRENE ROUGE &#8211; Olivier MEGATON<br \/>\n<\/strong>2001 &#8211;\u00a0<strong> ASTERIX ET OBELIX : MISSION CLEOPATRE &#8211; Alain CHABAT<br \/>\n<\/strong>2001 &#8211;\u00a0<strong> FEMME FATALE &#8211; Brian DE PALMA<br \/>\n<\/strong>2001 &#8211;\u00a0<strong> TAXI III &#8211; G\u00e9rard KRAWCZYK<br \/>\n<\/strong>2000 &#8211;\u00a0<strong> ANTILLES SUR SEINE &#8211; Pascal LEGITIMUS<br \/>\n<\/strong>1999 &#8211;\u00a0<strong> COURT TOUJOURS &#8211; Dante DESARTHE<br \/>\n<\/strong>1999 &#8211;\u00a0<strong> LES GENS EN MAILLOT DE BAIN NE SONT PAS FORCEMENT SUPERFICIELS<br \/>\n&#8211; Eric ASSOUS<br \/>\n<\/strong>1999 &#8211;\u00a0<strong> TAXI II &#8211; G\u00e9rard KRAWCZYK<br \/>\n<\/strong>1998 &#8211;\u00a0<strong> DU BLEU JUSQU&#8221;EN AMERIQUE &#8211; Sarah LEVY<br \/>\n<\/strong>1997 &#8211;\u00a0<strong> J&#8221;IRAI AU PARADIS CAR L&#8221;ENFER EST ICI &#8211; Xavier DURRINGER<br \/>\n<\/strong>1997 &#8211;\u00a0<strong> LA VOIE EST LIBRE &#8211; St\u00e9phane CLAVIER<br \/>\n<\/strong>1997 &#8211;\u00a0<strong> LE SOURIRE DU CLOWN &#8211; Eric BESNARD<br \/>\n<\/strong>1997 &#8211;\u00a0<strong> TAXI &#8211; G\u00e9rard PIRES<br \/>\n<\/strong>1996 &#8211;\u00a0<strong> BOUGE ! &#8211; J\u00e9r\u00f4me CORNUAU<br \/>\n<\/strong>1996 &#8211; <strong>\u00a0MAUVAIS GENRE &#8211; Laurent BENEGUI<br \/>\n<\/strong>1996 &#8211;\u00a0<strong> PORT DJEMA &#8211; Eric HEUMANN<br \/>\n<\/strong>1995 &#8211;\u00a0<strong> FAST &#8211; Dante DESARTHE<br \/>\n<\/strong>1994 &#8211;\u00a0<strong> LA HAINE &#8211; Mathieu KASSOVITZ<\/strong><\/p>\n<p><strong>Television \/ T\u00e9l\u00e9vision:<br \/>\n<\/strong>2022 &#8211;\u00a0<strong> LE SENTIER DES LOUPS &#8211; Julien Seri &#8211; Major Petit<br \/>\n<\/strong>2020 &#8211;\u00a0<strong> LES INVISIBLES &#8211; Chris Briant et Axelle Laffont<br \/>\n<\/strong>2019 &#8211;\u00a0<strong> PK 0 &#8211; Vincent Trisolini<br \/>\n<\/strong>2017 &#8211;\u00a0<strong> COMMISSARIAT CENTRAL<br \/>\n<\/strong>2016 &#8211;\u00a0<strong> CUT !<br \/>\n<\/strong>2015 &#8211;\u00a0<strong> PRESQUE PARFAITES &#8211; Gabriel Julien-Laferri\u00e8re<br \/>\n<\/strong>2014 &#8211;\u00a0<strong> CAIN &#8211; Bertrand Arthuys<br \/>\n<\/strong>2014 &#8211;\u00a0<strong> CROSSING LINES &#8211; Eric Valette<br \/>\n<\/strong>2013 &#8211;\u00a0<strong> LA SOURCE &#8211; Xavier DURRINGER<br \/>\n<\/strong>2012 &#8211;\u00a0<strong> LA CROISIERE<br \/>\n<\/strong>2011 &#8211; 2012 &#8211;\u00a0<strong> DES SOUCIS ET DES HOMMES &#8211; Christophe BARRAUD<br \/>\n<\/strong>2010 &#8211;\u00a0<strong> BIENVENUE AUX EDELWEISS &#8211; St\u00e9phane KAPPES<br \/>\n<\/strong>2010 &#8211;\u00a0<strong> LE POT DE COLLE &#8211; Julien SERI<br \/>\n<\/strong>2010 &#8211;\u00a0<strong> LES TOQUES &#8211; Laurence KATRIAN<br \/>\nEpisodes 4 et 5 \/ Dans le r\u00f4le de &#8220;Martin&#8221;<br \/>\n<\/strong>2009 &#8211;\u00a0<strong> FACTEUR CHANCE &#8211; Julien SERI<br \/>\n<\/strong>2009 &#8211;\u00a0<strong> JAMAIS DEUX SANS TROIS &#8211; Eric SUMMER<br \/>\n<\/strong>2009 &#8211;\u00a0<strong> LADY BAR 2 &#8211; Xavier DURRINGER<br \/>\n<\/strong>2009 &#8211;\u00a0<strong> LES AMANTS DE L&#8221;OMBRE &#8211; Philippe NIANG<br \/>\n<\/strong>2009 &#8211;\u00a0<strong> LES TOQUES<br \/>\n3 \u00e9pisodes r\u00e9alis\u00e9s par St\u00e9phane KURC et Patrick MALAKIAN. Role principal<br \/>\n<\/strong>2008 &#8211;\u00a0<strong> FLICS &#8211; Nicolas CUCHE<br \/>\n<\/strong>2008 &#8211;\u00a0<strong> SCALP &#8211; Jean Marc BRONDOLO<br \/>\n<\/strong>2005 &#8211;\u00a0<strong> ALICE ET CHARLIE &#8211; St\u00e9phane CLAVIER<br \/>\nR\u00f4le R\u00e9current Principal<br \/>\n<\/strong>2005 &#8211;\u00a0<strong> AU CREPUSCULE DES TEMPS &#8211; Sarah LEVY<br \/>\n<\/strong>2005 &#8211;\u00a0<strong> DAVID NOLANDE &#8211; Nicolas CUCHE<\/strong><\/p>\n<p><em><strong>Short Films \/ Court m\u00e9trages:<\/strong><\/em><br \/>\n2019 &#8211;\u00a0 <strong>MA DAME AU CAM\u00c9LIA &#8211; Edouard Montoute<\/strong><br \/>\n2018 &#8211;\u00a0 <strong>JE SUIS VOTRE CHAUFFEUR &#8211; Marc Allal<\/strong><br \/>\n2005 &#8211;\u00a0 <strong>CONVIVIUM &#8211; Michael Nakache<\/strong><br \/>\n2002 &#8211;\u00a0<strong> LES REDOUTABLES &#8211; Sarah LEVY<\/strong><br \/>\n1999 &#8211;\u00a0 <strong>COCCINELLE &#8211; Sarah LEVY<\/strong><\/p>\n<p><strong><em>Theater \/ Th\u00e9\u00e2tre:<\/em><\/strong><br \/>\n2016 &#8211;\u00a0 <strong>ACTING (Xavier Durringer) &#8211; Xavier Durringer \/ Th\u00e9\u00e2tre des Bouffes Parisiens<\/strong><br \/>\n2016 &#8211;\u00a0 <strong>POUR CENT BRIQUES T&#8217;AS PLUS RIEN MAINTENANT !<br \/>\n(Didier Kaminka) &#8211; Arthur Jugnot <\/strong><strong>Th\u00e9\u00e2tre des B\u00e9liers Parisiens<\/strong><br \/>\n2005 &#8211;\u00a0<strong> DURA LEX &#8211; Marianne GROVES<br \/>\n(de St\u00e9phen ADLY GUIRGIS Festival d&#8221;Avignon + Th\u00e9\u00e2tre du Luxembourg)<\/strong><br \/>\n2003 &#8211;\u00a0 <strong>GEORGES DANDIN &#8211; Pierre PRADINAS<br \/>\n(de MOLIERE Th\u00e9\u00e2tre de Limoges + Tourn\u00e9e)<\/strong><br \/>\n2002 &#8211;\u00a0 <strong>OTHELLO &#8211; Ga\u00ebtan KONDZOT \/ William SHAKESPEARE<br \/>\nTh\u00e9\u00e2tre de la Bastille<\/strong><br \/>\n2002 &#8211;\u00a0<strong> VALPARAISO &#8211; Thierry DE PERETTI \/ de Thierry de PERETTI<br \/>\nTh\u00e9\u00e2tre de la Bastille<\/strong><br \/>\n1999 &#8211;\u00a0 <strong>LE PARC &#8211; Adel AKIM (d&#8221;Edward BOND)<\/strong><br \/>\n1998 &#8211;\u00a0 <strong>SURFEURS &#8211; Xavier DURRINGER (de Xavier DURRINGER)<\/strong><br \/>\n<strong>Pi\u00e8ce cr\u00e9\u00e9 en r\u00e9sidence au Th\u00e9\u00e2tre de l&#8221;Union \u00e0 Limoges puis pr\u00e9sent\u00e9e<br \/>\nau Festival In Avignon 98 et <\/strong><strong>reprise en tourn\u00e9e en France\u00e0 partir de janvier 99<br \/>\net notamment au Th\u00e9\u00e2tre National de la Colline en mars <\/strong><strong>99 pour 33 repr\u00e9sentations<\/strong><br \/>\n1996 &#8211;\u00a0 <strong>LA TRAGEDIE DU ROI CHRISTOPHE &#8211; Jacques NICHET d&#8217;Aim\u00e9 CESAIRE<\/strong><br \/>\n1995 &#8211;\u00a0 <strong>POLAROID &#8211; Xavier DURRINGER (de Xavier DURRINGER)<br \/>\nCr\u00e9ation au Th\u00e9\u00e2tre de St-Yrieix + Tourn\u00e9e en France et en Europe)<\/strong><br \/>\n1994 &#8211;\u00a0 <strong>22\/34 &#8211; Xavier DURRINGER \/ de Xavier DURRINGER<\/strong><br \/>\n1994 &#8211;\u00a0 <strong>LE LAIT LES AMPHETES ET ALBY LA FAMINE &#8211;<br \/>\nMarianne GROVES de Xavier DURRINGER<\/strong><br \/>\n1993 &#8211;\u00a0<strong> LA QUILLE &#8211; Xavier DURRINGER (de Xavier DURRINGER Th\u00e9\u00e2tre 13)<\/strong><br \/>\n1990 &#8211; <strong>LA RESURRECTION &#8211; Guy LENOIR (de T.U TAMSI)<\/strong><br \/>\n1989 &#8211; <strong>LE DESTIN GLORIEUX DU MARECHAL NNIKON NNIKU<br \/>\nGabriel GARRAN de T.U TAMSI<\/strong><br \/>\n1989 &#8211; <strong>LE PROCES &#8211; Jean-Pierre GARNIER (de Francz KAFKA Th\u00e9\u00e2tre du Marais)<\/strong><\/p>\n<p><strong>Formations et Stages:<br \/>\n1990 &#8211; STAGE, professeur Jerzy Trella<br \/>\n1986 &#8211; COURS FLORENT, classe libre,<br \/>\nprofesseurs: Raymond Acquaviva, Francis Huster, Jean-Pierre Garnier<\/strong><\/p>\n","protected":false},"featured_media":2590,"template":"","categorie":[32,45],"eye_color":[3],"language":[24],"age":[17,16],"size":[29],"hair_color":[40],"body_type":[64],"nationality":[58],"categorie_type":[59],"voices":[72],"class_list":["post-2589","artists","type-artists","status-publish","has-post-thumbnail","hentry","categorie-actors","categorie-voix","eye_color-eyes_brown","language-french","age-age_4","age-age_5","size-size_3","hair_color-hair_grey","body_type-corpulence-normale","nationality-french","categorie_type-male","voices-french"],"acf":[],"_links":{"self":[{"href":"https:\/\/www.oneart.lu\/en\/wp-json\/wp\/v2\/artists\/2589","targetHints":{"allow":["GET"]}}],"collection":[{"href":"https:\/\/www.oneart.lu\/en\/wp-json\/wp\/v2\/artists"}],"about":[{"href":"https:\/\/www.oneart.lu\/en\/wp-json\/wp\/v2\/types\/artists"}],"wp:featuredmedia":[{"embeddable":true,"href":"https:\/\/www.oneart.lu\/en\/wp-json\/wp\/v2\/media\/2590"}],"wp:attachment":[{"href":"https:\/\/www.oneart.lu\/en\/wp-json\/wp\/v2\/media?parent=2589"}],"wp:term":[{"taxonomy":"categorie","embeddable":true,"href":"https:\/\/www.oneart.lu\/en\/wp-json\/wp\/v2\/categorie?post=2589"},{"taxonomy":"eye_color","embeddable":true,"href":"https:\/\/www.oneart.lu\/en\/wp-json\/wp\/v2\/eye_color?post=2589"},{"taxonomy":"language","embeddable":true,"href":"https:\/\/www.oneart.lu\/en\/wp-json\/wp\/v2\/language?post=2589"},{"taxonomy":"age","embeddable":true,"href":"https:\/\/www.oneart.lu\/en\/wp-json\/wp\/v2\/age?post=2589"},{"taxonomy":"size","embeddable":true,"href":"https:\/\/www.oneart.lu\/en\/wp-json\/wp\/v2\/size?post=2589"},{"taxonomy":"hair_color","embeddable":true,"href":"https:\/\/www.oneart.lu\/en\/wp-json\/wp\/v2\/hair_color?post=2589"},{"taxonomy":"body_type","embeddable":true,"href":"https:\/\/www.oneart.lu\/en\/wp-json\/wp\/v2\/body_type?post=2589"},{"taxonomy":"nationality","embeddable":true,"href":"https:\/\/www.oneart.lu\/en\/wp-json\/wp\/v2\/nationality?post=2589"},{"taxonomy":"categorie_type","embeddable":true,"href":"https:\/\/www.oneart.lu\/en\/wp-json\/wp\/v2\/categorie_type?post=2589"},{"taxonomy":"voices","embeddable":true,"href":"https:\/\/www.oneart.lu\/en\/wp-json\/wp\/v2\/voices?post=2589"}],"curies":[{"name":"wp","href":"https:\/\/api.w.org\/{rel}","templated":true}]}}

<p>Size: <strong>1m74</strong><br />
Hair Color: <strong>salt and pepper / poivre et sel</strong><br />
Eyes:<strong> brown / marron</strong></p>
<p><strong>Languages:</strong><strong><br />
French: Native</strong><strong><br />
</strong></p>
<p>Nationality:<br />
<strong>French</strong></p>
<p>Country and Zone:<br />
<strong>LUXEMBOURG and FRANCE / PARIS (available worldwide)</strong></p>
<p><strong>Director / Acting Coach</strong><br />
<strong>CHANT<br />
DANSE<br />
PERMIS B ET PERMIS MOTO</strong></p>
<p><strong>Feature Films / Long métrages:<br />
</strong>2019 &#8211;<strong>  DEFLAGRATIONS &#8211; Vanya Peirani-Vignes<br />
</strong>2018 &#8211; <strong> TAXI 5 &#8211; Franck Gastambide<br />
</strong>2017 &#8211; <strong> LA DEUXIEME ÉTOILE &#8211; Lucien Jean -Baptiste<br />
</strong>2017 &#8211; <strong> STARS 80, LA SUITE &#8211; Thomas Langmann<br />
</strong>2016 &#8211; <strong> DIEU MERCI ! &#8211; Lucien Jean-Baptiste<br />
</strong>2015 &#8211; <strong> NIGHT FARE &#8211; Julien Seri<br />
</strong>2011 &#8211; <strong> 30° COULEUR &#8211; Lucien JEAN-BAPTISTE et Philippe LARUE<br />
</strong>2010 &#8211; <strong> LES PETITS MOUCHOIRS &#8211; Guillaume CANET<br />
</strong>2009 &#8211; <strong> LA PREMIERE ETOILE &#8211; Lucien JEAN BAPTISTE<br />
</strong>2006 &#8211; <strong> TAXI 4 &#8211; Gérard KRAWCZYK<br />
</strong>2005 &#8211; <strong> ENFERMES DEHORS &#8211; Albert DUPONTEL<br />
</strong>2005 &#8211; <strong> FRACASSES &#8211; Franck LLOPIS<br />
</strong>2004 &#8211; <strong> AVANT QU&#8221;IL NE SOIT TROP TARD &#8211; Laurent DUSSAUX<br />
</strong>2004 &#8211; <strong> DANS TES REVES &#8211; Denys THIBAUT<br />
</strong>2003 &#8211; <strong> NOS AMIS LES FLICS &#8211; Bob SWAIM<br />
</strong>2002 &#8211; <strong> DEDALES &#8211; René MANZOR<br />
</strong>2002 &#8211; <strong> LA SIRENE ROUGE &#8211; Olivier MEGATON<br />
</strong>2001 &#8211; <strong> ASTERIX ET OBELIX : MISSION CLEOPATRE &#8211; Alain CHABAT<br />
</strong>2001 &#8211; <strong> FEMME FATALE &#8211; Brian DE PALMA<br />
</strong>2001 &#8211; <strong> TAXI III &#8211; Gérard KRAWCZYK<br />
</strong>2000 &#8211; <strong> ANTILLES SUR SEINE &#8211; Pascal LEGITIMUS<br />
</strong>1999 &#8211; <strong> COURT TOUJOURS &#8211; Dante DESARTHE<br />
</strong>1999 &#8211; <strong> LES GENS EN MAILLOT DE BAIN NE SONT PAS FORCEMENT SUPERFICIELS<br />
&#8211; Eric ASSOUS<br />
</strong>1999 &#8211; <strong> TAXI II &#8211; Gérard KRAWCZYK<br />
</strong>1998 &#8211; <strong> DU BLEU JUSQU&#8221;EN AMERIQUE &#8211; Sarah LEVY<br />
</strong>1997 &#8211; <strong> J&#8221;IRAI AU PARADIS CAR L&#8221;ENFER EST ICI &#8211; Xavier DURRINGER<br />
</strong>1997 &#8211; <strong> LA VOIE EST LIBRE &#8211; Stéphane CLAVIER<br />
</strong>1997 &#8211; <strong> LE SOURIRE DU CLOWN &#8211; Eric BESNARD<br />
</strong>1997 &#8211; <strong> TAXI &#8211; Gérard PIRES<br />
</strong>1996 &#8211; <strong> BOUGE ! &#8211; Jérôme CORNUAU<br />
</strong>1996 &#8211; <strong> MAUVAIS GENRE &#8211; Laurent BENEGUI<br />
</strong>1996 &#8211; <strong> PORT DJEMA &#8211; Eric HEUMANN<br />
</strong>1995 &#8211; <strong> FAST &#8211; Dante DESARTHE<br />
</strong>1994 &#8211; <strong> LA HAINE &#8211; Mathieu KASSOVITZ</strong></p>
<p><strong>Television / Télévision:<br />
</strong>2022 &#8211; <strong> LE SENTIER DES LOUPS &#8211; Julien Seri &#8211; Major Petit<br />
</strong>2020 &#8211; <strong> LES INVISIBLES &#8211; Chris Briant et Axelle Laffont<br />
</strong>2019 &#8211; <strong> PK 0 &#8211; Vincent Trisolini<br />
</strong>2017 &#8211; <strong> COMMISSARIAT CENTRAL<br />
</strong>2016 &#8211; <strong> CUT !<br />
</strong>2015 &#8211; <strong> PRESQUE PARFAITES &#8211; Gabriel Julien-Laferrière<br />
</strong>2014 &#8211; <strong> CAIN &#8211; Bertrand Arthuys<br />
</strong>2014 &#8211; <strong> CROSSING LINES &#8211; Eric Valette<br />
</strong>2013 &#8211; <strong> LA SOURCE &#8211; Xavier DURRINGER<br />
</strong>2012 &#8211; <strong> LA CROISIERE<br />
</strong>2011 &#8211; 2012 &#8211; <strong> DES SOUCIS ET DES HOMMES &#8211; Christophe BARRAUD<br />
</strong>2010 &#8211; <strong> BIENVENUE AUX EDELWEISS &#8211; Stéphane KAPPES<br />
</strong>2010 &#8211; <strong> LE POT DE COLLE &#8211; Julien SERI<br />
</strong>2010 &#8211; <strong> LES TOQUES &#8211; Laurence KATRIAN<br />
Episodes 4 et 5 / Dans le rôle de &#8220;Martin&#8221;<br />
</strong>2009 &#8211; <strong> FACTEUR CHANCE &#8211; Julien SERI<br />
</strong>2009 &#8211; <strong> JAMAIS DEUX SANS TROIS &#8211; Eric SUMMER<br />
</strong>2009 &#8211; <strong> LADY BAR 2 &#8211; Xavier DURRINGER<br />
</strong>2009 &#8211; <strong> LES AMANTS DE L&#8221;OMBRE &#8211; Philippe NIANG<br />
</strong>2009 &#8211; <strong> LES TOQUES<br />
3 épisodes réalisés par Stéphane KURC et Patrick MALAKIAN. Role principal<br />
</strong>2008 &#8211; <strong> FLICS &#8211; Nicolas CUCHE<br />
</strong>2008 &#8211; <strong> SCALP &#8211; Jean Marc BRONDOLO<br />
</strong>2005 &#8211; <strong> ALICE ET CHARLIE &#8211; Stéphane CLAVIER<br />
Rôle Récurrent Principal<br />
</strong>2005 &#8211; <strong> AU CREPUSCULE DES TEMPS &#8211; Sarah LEVY<br />
</strong>2005 &#8211; <strong> DAVID NOLANDE &#8211; Nicolas CUCHE</strong></p>
<p><em><strong>Short Films / Court métrages:</strong></em><br />
2019 &#8211;  <strong>MA DAME AU CAMÉLIA &#8211; Edouard Montoute</strong><br />
2018 &#8211;  <strong>JE SUIS VOTRE CHAUFFEUR &#8211; Marc Allal</strong><br />
2005 &#8211;  <strong>CONVIVIUM &#8211; Michael Nakache</strong><br />
2002 &#8211; <strong> LES REDOUTABLES &#8211; Sarah LEVY</strong><br />
1999 &#8211;  <strong>COCCINELLE &#8211; Sarah LEVY</strong></p>
<p><strong><em>Theater / Théâtre:</em></strong><br />
2016 &#8211;  <strong>ACTING (Xavier Durringer) &#8211; Xavier Durringer / Théâtre des Bouffes Parisiens</strong><br />
2016 &#8211;  <strong>POUR CENT BRIQUES T&#8217;AS PLUS RIEN MAINTENANT !<br />
(Didier Kaminka) &#8211; Arthur Jugnot </strong><strong>Théâtre des Béliers Parisiens</strong><br />
2005 &#8211; <strong> DURA LEX &#8211; Marianne GROVES<br />
(de Stéphen ADLY GUIRGIS Festival d&#8221;Avignon + Théâtre du Luxembourg)</strong><br />
2003 &#8211;  <strong>GEORGES DANDIN &#8211; Pierre PRADINAS<br />
(de MOLIERE Théâtre de Limoges + Tournée)</strong><br />
2002 &#8211;  <strong>OTHELLO &#8211; Gaëtan KONDZOT / William SHAKESPEARE<br />
Théâtre de la Bastille</strong><br />
2002 &#8211; <strong> VALPARAISO &#8211; Thierry DE PERETTI / de Thierry de PERETTI<br />
Théâtre de la Bastille</strong><br />
1999 &#8211;  <strong>LE PARC &#8211; Adel AKIM (d&#8221;Edward BOND)</strong><br />
1998 &#8211;  <strong>SURFEURS &#8211; Xavier DURRINGER (de Xavier DURRINGER)</strong><br />
<strong>Pièce créé en résidence au Théâtre de l&#8221;Union à Limoges puis présentée<br />
au Festival In Avignon 98 et </strong><strong>reprise en tournée en Franceà partir de janvier 99<br />
et notamment au Théâtre National de la Colline en mars </strong><strong>99 pour 33 représentations</strong><br />
1996 &#8211;  <strong>LA TRAGEDIE DU ROI CHRISTOPHE &#8211; Jacques NICHET d&#8217;Aimé CESAIRE</strong><br />
1995 &#8211;  <strong>POLAROID &#8211; Xavier DURRINGER (de Xavier DURRINGER)<br />
Création au Théâtre de St-Yrieix + Tournée en France et en Europe)</strong><br />
1994 &#8211;  <strong>22/34 &#8211; Xavier DURRINGER / de Xavier DURRINGER</strong><br />
1994 &#8211;  <strong>LE LAIT LES AMPHETES ET ALBY LA FAMINE &#8211;<br />
Marianne GROVES de Xavier DURRINGER</strong><br />
1993 &#8211; <strong> LA QUILLE &#8211; Xavier DURRINGER (de Xavier DURRINGER Théâtre 13)</strong><br />
1990 &#8211; <strong>LA RESURRECTION &#8211; Guy LENOIR (de T.U TAMSI)</strong><br />
1989 &#8211; <strong>LE DESTIN GLORIEUX DU MARECHAL NNIKON NNIKU<br />
Gabriel GARRAN de T.U TAMSI</strong><br />
1989 &#8211; <strong>LE PROCES &#8211; Jean-Pierre GARNIER (de Francz KAFKA Théâtre du Marais)</strong></p>
<p><strong>Formations et Stages:<br />
1990 &#8211; STAGE, professeur Jerzy Trella<br />
1986 &#8211; COURS FLORENT, classe libre,<br />
professeurs: Raymond Acquaviva, Francis Huster, Jean-Pierre Garnier</strong></p>
