{"id":10839,"date":"2025-03-22T09:48:26","date_gmt":"2025-03-22T08:48:26","guid":{"rendered":"https:\/\/www.oneart.lu\/?post_type=artists&#038;p=10839"},"modified":"2026-04-14T17:04:52","modified_gmt":"2026-04-14T16:04:52","slug":"amal-chtati","status":"publish","type":"artists","link":"https:\/\/www.oneart.lu\/en\/artist\/amal-chtati","title":{"rendered":"AMAL CHTATI"},"content":{"rendered":"<p>Size: <strong>1m64<\/strong><br \/>\nHair Color: <strong>brown \/ brun<\/strong><br \/>\nEyes:<strong> brown \/ brun<\/strong><\/p>\n<p><strong>Languages:<\/strong><br \/>\n<strong>Arabic: mother tongue<br \/>\nFrench:\u00a0 mother tongue<br \/>\nLuxembourgish: fluent<br \/>\nEnglish: fluent<br \/>\ngerman: fluent<br \/>\nSpanish: intermediate<\/strong><\/p>\n<p>&nbsp;<\/p>\n<p><strong>Nationality:<\/strong><br \/>\n<strong>Belgian and Moroccan<\/strong><\/p>\n<p><strong>Country and Zone:<\/strong><br \/>\n<strong>Luxembourg (available worldwide)<\/strong><\/p>\n<p><strong>Skills<\/strong><br \/>\n<strong>opera\/ jazz singer, violin\/guitarre\/piano\/oud player, swimmer, voice actor\u2026<\/strong><\/p>\n<p><em><strong>Short films \/ courts m\u00e9trages:<\/strong><strong><br \/>\n2024 &#8211; (DEMI)-SOEURS \/\u00a0L\u00e9o Misandeau et Anna Fatholahzadeh<br \/>\n2023 &#8211; UNE SOMBRE LE\u00c7ON \/ \u00a0Morgane Verdin-Pol<br \/>\n<\/strong><\/em><\/p>\n<p><strong><em>Stage \/ Th\u00e9\u00e2tre:<\/em><\/strong><br \/>\n<strong>2024 &#8211; Bernarda Albas Haus \/ \u00a0Martina Roth \/ Conservatoire de la ville de Luxembourg<br \/>\n2023 &#8211; \u00c0 la carabine \/ Fabio Godinho \/ Th\u00e9\u00e2tre du centaure<br \/>\n2022 &#8211; Daimon \/ Martina Roth \/ Conservatoire de la ville de Luxembourg<br \/>\n2021 &#8211; HAMLET \/ \u00a0Myriame M\u00fcller \/ Th\u00e9\u00e2tre du centaure<br \/>\n2021 &#8211; 6 PERSONNAGES EN QU\u00caTE D\u2019AUTEUR \/ Raffaella D\u2019Angelo<br \/>\nTh\u00e9\u00e2tre le 10<\/strong><\/p>\n<p>&nbsp;<\/p>\n<p><strong><em>Education and Workshops \/ Formations et Stages:<\/em><br \/>\nConservatoire de Luxembourg 2012-2024<br \/>\nArt dramatique Fran\u00e7ais : Myriame M\u00fcller (1\u00e8re mention)<br \/>\nDiction Fran\u00e7aise : Anne Brionne (1\u00e8re mention)<br \/>\nArt dramatique Allemand : Martina Roth (1\u00e8re mention)<br \/>\nDiction Allemande : Danielle Gaspard (1\u00e8re mention)<br \/>\nArt lyrique : H\u00e9l\u00e8ne Bernardy (1\u00e8r prix)<\/strong><\/p>","protected":false},"featured_media":10840,"template":"","categorie":[32,45],"eye_color":[3],"language":[24,25,22,44,66],"age":[20],"size":[30],"hair_color":[37],"body_type":[64],"nationality":[65],"categorie_type":[60],"voices":[70,71,72,76],"class_list":["post-10839","artists","type-artists","status-publish","has-post-thumbnail","hentry","categorie-actors","categorie-voix","eye_color-eyes_brown","language-french","language-english","language-luxembourgish","language-spanish","language-arab","age-age_1","size-size_2","hair_color-hair_brown","body_type-corpulence-normale","nationality-belge","categorie_type-female","voices-english","voices-luxembourgish","voices-french","voices-arabe"],"acf":[],"_links":{"self":[{"href":"https:\/\/www.oneart.lu\/en\/wp-json\/wp\/v2\/artists\/10839","targetHints":{"allow":["GET"]}}],"collection":[{"href":"https:\/\/www.oneart.lu\/en\/wp-json\/wp\/v2\/artists"}],"about":[{"href":"https:\/\/www.oneart.lu\/en\/wp-json\/wp\/v2\/types\/artists"}],"wp:featuredmedia":[{"embeddable":true,"href":"https:\/\/www.oneart.lu\/en\/wp-json\/wp\/v2\/media\/10840"}],"wp:attachment":[{"href":"https:\/\/www.oneart.lu\/en\/wp-json\/wp\/v2\/media?parent=10839"}],"wp:term":[{"taxonomy":"categorie","embeddable":true,"href":"https:\/\/www.oneart.lu\/en\/wp-json\/wp\/v2\/categorie?post=10839"},{"taxonomy":"eye_color","embeddable":true,"href":"https:\/\/www.oneart.lu\/en\/wp-json\/wp\/v2\/eye_color?post=10839"},{"taxonomy":"language","embeddable":true,"href":"https:\/\/www.oneart.lu\/en\/wp-json\/wp\/v2\/language?post=10839"},{"taxonomy":"age","embeddable":true,"href":"https:\/\/www.oneart.lu\/en\/wp-json\/wp\/v2\/age?post=10839"},{"taxonomy":"size","embeddable":true,"href":"https:\/\/www.oneart.lu\/en\/wp-json\/wp\/v2\/size?post=10839"},{"taxonomy":"hair_color","embeddable":true,"href":"https:\/\/www.oneart.lu\/en\/wp-json\/wp\/v2\/hair_color?post=10839"},{"taxonomy":"body_type","embeddable":true,"href":"https:\/\/www.oneart.lu\/en\/wp-json\/wp\/v2\/body_type?post=10839"},{"taxonomy":"nationality","embeddable":true,"href":"https:\/\/www.oneart.lu\/en\/wp-json\/wp\/v2\/nationality?post=10839"},{"taxonomy":"categorie_type","embeddable":true,"href":"https:\/\/www.oneart.lu\/en\/wp-json\/wp\/v2\/categorie_type?post=10839"},{"taxonomy":"voices","embeddable":true,"href":"https:\/\/www.oneart.lu\/en\/wp-json\/wp\/v2\/voices?post=10839"}],"curies":[{"name":"wp","href":"https:\/\/api.w.org\/{rel}","templated":true}]}}

<p>Size: <strong>1m64</strong><br />
Hair Color: <strong>brown / brun</strong><br />
Eyes:<strong> brown / brun</strong></p>
<p><strong>Languages:</strong><br />
<strong>Arabic: mother tongue<br />
French:  mother tongue<br />
Luxembourgish: fluent<br />
English: fluent<br />
german: fluent<br />
Spanish: intermediate</strong></p>
<p>&nbsp;</p>
<p><strong>Nationality:</strong><br />
<strong>Belgian and Moroccan</strong></p>
<p><strong>Country and Zone:</strong><br />
<strong>Luxembourg (available worldwide)</strong></p>
<p><strong>Skills</strong><br />
<strong>opera/ jazz singer, violin/guitarre/piano/oud player, swimmer, voice actor…</strong></p>
<p><em><strong>Short films / courts métrages:</strong><strong><br />
2024 &#8211; (DEMI)-SOEURS / Léo Misandeau et Anna Fatholahzadeh<br />
2023 &#8211; UNE SOMBRE LEÇON /  Morgane Verdin-Pol<br />
</strong></em></p>
<p><strong><em>Stage / Théâtre:</em></strong><br />
<strong>2024 &#8211; Bernarda Albas Haus /  Martina Roth / Conservatoire de la ville de Luxembourg<br />
2023 &#8211; À la carabine / Fabio Godinho / Théâtre du centaure<br />
2022 &#8211; Daimon / Martina Roth / Conservatoire de la ville de Luxembourg<br />
2021 &#8211; HAMLET /  Myriame Müller / Théâtre du centaure<br />
2021 &#8211; 6 PERSONNAGES EN QUÊTE D’AUTEUR / Raffaella D’Angelo<br />
Théâtre le 10</strong></p>
<p>&nbsp;</p>
<p><strong><em>Education and Workshops / Formations et Stages:</em><br />
Conservatoire de Luxembourg 2012-2024<br />
Art dramatique Français : Myriame Müller (1ère mention)<br />
Diction Française : Anne Brionne (1ère mention)<br />
Art dramatique Allemand : Martina Roth (1ère mention)<br />
Diction Allemande : Danielle Gaspard (1ère mention)<br />
Art lyrique : Hélène Bernardy (1èr prix)</strong></p>
